- 4*i + 3. Let w be n(-5). Let r(v) = -1392 - 28*v - 1395 + 4195 - 1389. Let q be r(w). Calculate the greatest common factor of q and 45.
15
Let i be -4 + (-6 - (-2 - 3) - 35). Let n be 84/15 - i/100. What is the greatest common factor of n and 51?
3
Let j(w) = 5*w**2 - 28*w - 55. Let z(s) = -3*s**2 + 27*s + 56. Let h(g) = 2*j(g) + 3*z(g). Let k be h(-23). Calculate the highest common divisor of k and 60.
12
Let a = -499 - -492. Let y be -8*7/(-196) - 649/a. Let o = 119 - 57. What is the greatest common factor of y and o?
31
Suppose 5*k = -h + 1052, 10*h - 8*h = -k + 2095. Suppose 25*w - 228 - h = 0. What is the greatest common divisor of w and 51?
51
Let r = 170 + -136. Let q = 110 - 209. Let b = -65 - q. Calculate the greatest common factor of r and b.
34
Suppose 0 + 6 = 6*h. Suppose 322*s - 318*s = 2*y + 22, 3*s - 27 = -2*y. Calculate the greatest common factor of s and h.
1
Let t = 1857 + -1809. What is the highest common divisor of t and 450?
6
Suppose 436*m = 428*m - 9600. Let l be (4/(-8))/(10/m). Calculate the highest common divisor of 8 and l.
4
Let r(i) = -19*i - 1. Let q be r(-1). Let a(x) = -1501*x + 10. Let j be a(1). Let t be 2/(-11) - j/33. Calculate the highest common factor of t and q.
9
Let t be 0 + 1146/9 + (-6)/(-9). Suppose s - t = -s. What is the highest common divisor of 8 and s?
8
Let t(g) = g**3 - 63*g**2 + 75*g - 270. Let f be t(62). What is the highest common divisor of f and 9246?
134
Let t(n) = 3*n**3 + n**2 - 42*n - 17. Let q be t(7). Let s = -19 + 32. What is the greatest common factor of s and q?
13
Let m = 15706 + -7369. Calculate the highest common divisor of m and 21.
21
Suppose -56*t + 57*t = 76. Let k be 5 + (-14 - -6) + 11. What is the highest common factor of t and k?
4
Suppose -12*s = -4*f - 28, -3*f + 0*s + 14 = -2*s. Let b be ((-26)/5)/((-1)/5). What is the highest common factor of f and b?
2
Let j(l) = -l**3 - 8*l**2 + 6*l - 19. Let s be j(-7). Let m = -94 - s. What is the highest common divisor of m and 112?
16
Let h = 13705 - 9655. Calculate the highest common divisor of h and 100.
50
Let t = -10 + 40. Let n = -4918 - -4972. What is the highest common divisor of t and n?
6
Let i(s) = -3*s**2 + 20*s - 32. Let o be i(13). Let z = -243 - o. What is the greatest common divisor of z and 8?
4
Suppose -5*o = -3*l + 8, -l + 4*o - 3 = 6. Let j be 2/l*1 - (-5396)/209. Calculate the greatest common divisor of 520 and j.
26
Suppose 74*u = -5*c + 70*u + 1700, -1391 = -4*c + 3*u. Calculate the greatest common divisor of 32 and c.
8
Suppose -25*g = -26*g + 389. Let z = 741 - g. What is the greatest common divisor of z and 22?
22
Let f(j) be the third derivative of 33*j**5/10 - j**4/4 + j**3 - 2*j**2 - 11. Let o be f(1). What is the highest common divisor of o and 22?
22
Let f = 47 - -1157. Calculate the greatest common factor of f and 56.
28
Let p be 21 - (-2 - -1)*1. Suppose 85*z - 84024 + 24184 = 0. What is the highest common factor of p and z?
22
Let x be 132/(-69)*(-5405)/470. Let a be ((-14)/(-4))/((-1)/(-22)). What is the greatest common factor of a and x?
11
Let s be (-2431)/(-17) + (1 - 4). Let k be (-47)/329 - (-1 - 386/7). Let f = 84 - k. Calculate the highest common factor of f and s.
28
Let t be (-202130)/(-369) + 2/9. Suppose 11*a = 24 + t. Calculate the highest common factor of a and 91.
13
Let o(l) = l - 14. Let c be o(-16). Let s be 331 + (c/(-5) - 1). What is the greatest common factor of 21 and s?
21
Let y = 22 + -3. Suppose 131*q - 405 = 126*q - 5*c, 5*q = c + 375. Calculate the highest common divisor of q and y.
19
Let m be 39 - (4 + 3 + -1). Suppose 0 = -m*l + 30*l + 111. What is the greatest common divisor of 148 and l?
37
Suppose 269*o - 277611 = 86*o. What is the greatest common factor of o and 533?
41
Let w = -756 + 12989. What is the highest common divisor of 13 and w?
13
Let b be -20*((-68)/16)/(-1). Let a = -86 - b. Let p be a/(-3) - 105/(-63). Calculate the greatest common factor of p and 14.
2
Let w be (-42 - -3)*(-2)/3. Let x be (-117)/((15/4)/5*-1). Suppose -x = -5*f + f. What is the highest common factor of w and f?
13
Let a(m) = -12*m**3 + m**2 - m. Let f be a(1). Let b be (6/(-4)*2)/(f/40). Let u be -3*(-37)/1 + -1. What is the greatest common divisor of b and u?
10
Suppose g - 1 = n, 0 = -5*n - 39*g + 38*g + 13. Suppose 0 = -3*u + u. Let d = 14 - u. What is the highest common divisor of d and n?
2
Let w be ((-12)/(-15))/(4/70). Let f = -28 + -8. Let z = f - -43. Calculate the greatest common factor of w and z.
7
Let p be -2*(6 + -14 - 3). Let k(m) = -m**3 + 14*m**2 + 9*m. Let t be k(13). Calculate the greatest common factor of p and t.
22
Let x(n) = -n**3 + n**2 - 3*n - 3. Let b be x(-1). Let y(s) = -s**3 + 4*s**2 - s + 4. Let o be y(b). Calculate the greatest common divisor of o and 40.
10
Suppose -13*z + 35*z = -5*z + 14148. Calculate the highest common factor of 148 and z.
4
Let p(n) = -76*n + 4098. Let a be p(39). What is the highest common factor of a and 27?
27
Let z(c) = -c**3 + 2*c - 1. Let b be z(-2). Suppose j + j = -b*q + 5, -q - 21 = -5*j. Suppose 1512 = j*y + 2*y. Calculate the highest common factor of y and 28.
28
Let z be 5913/(-33) + 14/77. Let d = 185 + z. Suppose 4*l + 120 = 9*l. What is the highest common divisor of d and l?
6
Let u(v) be the first derivative of 9*v**2 - 183*v - 219. Let y be u(16). What is the greatest common divisor of y and 30?
15
Suppose 3*d + 26 = -4*v, -2*d + 4*v + 0*v - 24 = 0. Let u be 12/d*(-9)/((-216)/(-280)). Calculate the highest common divisor of 56 and u.
14
Suppose -154 = 20*t + 6. Let a(v) = -v**3 - 7*v**2 + 7*v + 14. Let z be a(t). What is the highest common divisor of z and 176?
22
Let w = -16694 + 16766. Calculate the greatest common factor of 207 and w.
9
Let m = 15608 - 15341. Calculate the greatest common factor of 5963 and m.
89
Let i = -1819 - -2019. Calculate the greatest common divisor of 300 and i.
100
Let x(s) = 2*s**3 - 31 + 26*s**2 - 2*s**3 - s - s**3 - 15*s**2. Let a be x(8). What is the greatest common factor of a and 9?
9
Suppose 3*y - 39 = 3*o - 6*o, -o + 3*y + 25 = 0. Suppose -7*u - 135 = -o*u. Calculate the greatest common factor of 135 and u.
15
Let b = -223 + 235. Suppose -u - 2*f = -878, -5*u + f + 0*f = -4379. Calculate the highest common divisor of u and b.
12
Suppose 18*z - 11340 = -2*z + 5*z. What is the highest common factor of 204 and z?
12
Suppose 3*i - 4*y = -298, -7*y + 10*y = 12. Let d = -58 - i. What is the greatest common divisor of 288 and d?
36
Let x = -20088 - -20298. What is the highest common divisor of x and 180?
30
Suppose -5 = -2*h + 4*s - s, -3*h + 4*s + 10 = 0. Suppose 0 = h*g - g - 2808. What is the highest common divisor of 36 and g?
12
Let l(a) = -12*a**2 - 7*a - 1. Let x be l(-3). Let j = -91 - x. Let k be ((-1)/j)/(14/42). Calculate the highest common factor of 1 and k.
1
Let t = -4862 - -5467. Calculate the highest common factor of 99 and t.
11
Suppose 11*v - 902 = -495. Suppose -3*o = -310 - 23. What is the highest common divisor of v and o?
37
Let j(w) = 41*w**2 - 2*w. Let i be j(-2). Let r = 12056 + -11776. What is the greatest common factor of i and r?
56
Suppose -6*f + 5*f + 5*z = 241, -z = -5. Let k = -124 - f. Let v be (-4 - -6) + k/(-6)*-3. Calculate the highest common factor of 6 and v.
6
Suppose 3144 = 32*l - 20*l. Let x = 90 + l. What is the greatest common factor of x and 22?
22
Suppose -8*h = 31*h - 39. What is the greatest common divisor of h and 3655?
1
Suppose -2*z = -0*z. Let u be 2 - -25 - z/(-4). Let t = u + -2. Calculate the greatest common divisor of t and 125.
25
Let m be (-67 - -93)/(-2*((-48)/(-10) - (7 - 2))). Let z be (26/(-4))/((-3)/12). Suppose 0*s + z = 2*s. Calculate the greatest common factor of s and m.
13
Let b = 61 - 37. Let j = 41 + -41. Suppose j = -5*u - 3*r + 5*r + 21, u - 2*r = 9. What is the highest common divisor of u and b?
3
Suppose 176*i = -20*i - 160*i + 2765764. Calculate the greatest common factor of i and 17.
17
Let s = -101 + 109. Let v be s/(-52) - 8/(-52). Suppose v*a + 5*d = -3*a + 236, 5*d - 380 = -5*a. What is the highest common factor of 6 and a?
6
Suppose 42*g - 577 + 75 = 254. Calculate the greatest common divisor of 254 and g.
2
Suppose 414 = 2*d - 49*t + 44*t, 2*t - 1064 = -5*d. Calculate the highest common factor 